*i**2 - i. Suppose 4*x - 11 = -a, a + 2*x + 3 - 8 = 0. Calculate p(a).
-20
Let z(q) = 13*q**2 + q - 7. Let f be 7/2 + 3/6. Let i(u) = -6*u**2 + 3. Let a(c) = f*z(c) + 9*i(c). Determine a(3).
-7
Let j(p) = -13*p + 9. Let y(u) be the first derivative of -3*u**2/2 + 2*u - 1. Let n(v) = -2*v + 1. Let d be n(5). Let x(t) = d*y(t) + 2*j(t). Give x(3).
3
Let j = 9 + -6. Let z(v) be the second derivative of v**5/20 - v**4/6 - v**3/2 + 2*v**2 + v. Calculate z(j).
4
Suppose -5*u - 2*v = -1 - 3, v + 3 = 0. Let h(c) = 3*c. Calculate h(u).
6
Let x(d) = 0*d - d - 1 - 3. What is x(0)?
-4
Let h(n) = -4*n + 2*n + 3*n. Let x be (-2)/((8/10)/(-2)). Calculate h(x).
5
Let b be (0 - 0) + -1 + -4. Let f(c) = -2*c**2 + 3*c + 5. Let p(h) = -h**2 + h + 2. Let q(r) = 6*f(r) - 13*p(r). Give q(b).
4
Let d(q) = 7*q**3 + 5*q**2 + 23*q + 3. Let a(h) = -3*h**3 - 3*h**2 - 11*h - 2. Let m(g) = 9*a(g) + 4*d(g). What is m(8)?
2
Let g(j) be the first derivative of j**4/8 + j**3/2 - 2*j**2 - 4. Let p(k) be the second derivative of g(k). Suppose -2*s + 12 = -6*s. Give p(s).
-6
Let d(z) = z**2 + 5*z - 4. Let o be d(-6). Let s(f) = -2*f**2 - 6 + f + 4*f**o - 2*f**2 - f**2. Give s(0).
-6
Let l(f) = -f + 4. Let a = 8 + -4. Let k be (-4 + a)*(-2 - -3). Determine l(k).
4
Suppose 0 = 3*r - 3*h - 15, 2 = r - 5*h - 7. Let y(n) = -n**2 + 5*n + 1. Give y(r).
5
Let d = -16 - -16. Suppose 0*f + 21 = 3*o + f, d = -4*o + 4*f + 12. Let n(b) = -b - 6. Calculate n(o).
-12
Suppose -34*l + 33*l = 0. Suppose -x = -0*x - 2. Let c(k) = k - 3*k**2 + 2 + 1 + 4*k**x. Give c(l).
3
Let s(m) = -m**3 + 9*m**2 + 3. Let a be s(9). Let k(x) = -4*x**3 - 4 + 5*x**3 - a*x + 0*x + 4*x. Let t be 2/(-3) + 2/3. What is k(t)?
-4
Let k(j) = j + 7. Let h be k(4). Let r(u) = u + 22 - h - 7. What is r(-4)?
0
Let q(z) = z**2 - 2*z + 4. Let n(y) be the second derivative of -y**4/12 + y**3/6 - 2*y**2 + 6*y. Let w(i) = 5*n(i) + 6*q(i). Determine w(4).
-8
Let n be 6/(-36) - 14/(-12). Let l(s) = 5*s**2 + s - 4. Let y(j) = 9*j**2 + 2*j - 7. Let a = -5 - -1. Let h(v) = a*y(v) + 7*l(v). Determine h(n).
-2
Suppose 3 + 1 = -2*x. Let d = x + 5. Let u(o) = 2*o + 0 + 2 - 4. What is u(d)?
4
Let v(o) = -o - 1. Suppose 0 = 10*s - 15*s + 10. Suppose -s*k - k = -9, -2*k = -j - 9. Calculate v(j).
2
Let w(l) = 2 - 4*l + 13*l - 13*l - 3. Let n(a) = a**2 - 3*a + 1. Let x be n(1). Let h(t) = -2*t**3 - 2*t**2 + 1. Let f be h(x). Calculate w(f).
-5
Let g be (-77)/(-21) + (-4)/(-3). Let i(k) be the second derivative of -k**4/12 + k**3/3 + 5*k**2/2 - k. Give i(g).
-10
Let z be (8/(-6))/((-36)/(-54)). Let s(b) = -4*b - 2 - 2*b**2 + b + b**2. Calculate s(z).
0
Suppose 0*n = 3*n - 9. Let t(h) = h + 0 - 5*h**2 + 4 - 4*h**3 + 3*h**n + h. What is t(-5)?
-6
Let d(t) = t + 7. Let g be 0*-1*6/(-12). Give d(g).
7
Let h(p) = 13*p - 12. Let r(k) = 20*k - 18. Let o(i) = -8*h(i) + 5*r(i). Determine o(5).
-14
Suppose -2*b + b = 5. Suppose -2*f - 16 = -6*f. Let g(h) = 5 + f*h + 1 + h**2 - 3. Give g(b).
8
Let c(p) = 0*p + 4 + p**3 + 9*p**2 - 14*p**2 + 3*p. Give c(4).
0
Let k be (-2)/5 + 17/5. Let j = k + 0. Let y(a) = 5 + a + j*a + 4*a**2 - 1 - a**3. What is y(5)?
-1
Suppose -k + 6 = 2*a, -2*a = -6*a + 5*k - 2. Let s(h) = 3*h + 1 - 5*h - h**3 + 4*h**2 - 3*h**a. Let v = 8 + -7. Calculate s(v).
-1
Suppose 10*b - g + 26 = 5*b, 5*b - 2*g + 27 = 0. Let q = -5 - b. Let p(h) = 0*h + 2*h**3 + h - 3*h**3 - 1. Give p(q).
-1
Let z = 2 - 1. Let w(m) = -m - z + 4 + 2 - 6. Let a(i) = 2*i + 1. Let d(n) = -2*a(n) - 5*w(n). Give d(3).
6
Let l = -10 + 7. Let h = -3 - l. Suppose h*b + 3*p = -3*b - 6, 6 = -b - 3*p. Let n(j) = -j**2 - j - 4. What is n(b)?
-4
Suppose 2*k + 6 = -4*l, 0 = k + 4*l + l + 3. Let h be 0*(k - -4) - -3. Let y(b) = b**3 - 5*b**2 + b + 4. Determine y(h).
-11
Let o(y) = 8*y + 1. Let t be 2 + -2*(-2)/((-8)/6). Calculate o(t).
-7
Suppose v = -0*v - 7. Let f = -11 - v. Let o(j) = -j**2 - 3*j - 2. Calculate o(f).
-6
Let l(j) = j + 5. Let i be l(3). Let a(y) = -y**3 + 8*y**2 - 2. Calculate a(i).
-2
Let t(w) = -9*w**2 - 2*w. Let u(j) = -4*j**2 - j. Let v(p) = -3*t(p) + 7*u(p). Calculate v(-3).
-6
Suppose -5*s + 5 = -5*f, -5*f - 4*s - 25 = -5*s. Let u be 3 - 1*f/3. Let h(o) = 2 - 1 + u*o + o**3 - 5*o**2 - 4. Give h(3).
-6
Let u(o) be the first derivative of o**3/3 - o**2/2 - 3. Calculate u(-3).
12
Let q(z) be the first derivative of z**6/36 + z**3 + 1. Let g(l) be the third derivative of q(l). Give g(1).
10
Let f(s) = s - 4*s + 4*s. Suppose 0*l = -5*l + 75. Suppose 3*j = l - 0. Determine f(j).
5
Let q(j) be the third derivative of -j**6/120 - j**5/15 - j**4/12 - j**3/2 + 11*j**2. Let b = -1 - 3. Calculate q(b).
5
Let s(w) be the second derivative of -w**5/60 + 5*w**4/24 + w**3/2 + 2*w**2 + 4*w. Let q(r) be the first derivative of s(r). Determine q(6).
-3
Let c(f) = 3*f - 11. Let k(v) = -2*v - 1. Let t(x) = c(x) + k(x). Give t(7).
-5
Let w(f) be the second derivative of f**5/20 + f**4/4 - 5*f**3/6 - f**2/2 + f. Let q be 2 + -1 - (-18)/6. Suppose -11 = q*l + 5. Give w(l).
3
Suppose 2*o + 13*o = 0. Let s(y) = -y**2 - y + 1. Calculate s(o).
1
Let q be -3 + (-2)/1 + -1. Let t(p) = p**3 + 5*p**2 - 5*p + 3. Give t(q).
-3
Let j = 3 + -4. Suppose 3*v + 1 - 13 = 0. Let a(r) = -r**3 - 2 - 5*r + 3*r + 3 + v*r. Give a(j).
0
Suppose -4 = 2*t - 10. Suppose -2*q = -6*g + t*g + 26, 0 = -2*g - 5*q + 11. Let w(m) = g - 6*m + 4*m - 2. What is w(4)?
-2
Let n(d) be the second derivative of d**6/360 - d**4/8 - d**3/2 - 3*d. Let j(u) be the second derivative of n(u). Let y = 9 - 6. Determine j(y).
6
Let k be (20/(-5))/((-2)/9). Let m = 13 - k. Let p(j) = j**2 + 4*j - 6. Calculate p(m).
-1
Let y(r) = r**3 - 3*r**2 + 6*r - 3. Let f(l) = -2*l**2 + 2*l + 1. Let b be f(2). Let j(p) = p**3 - 2*p**2 + 7*p - 3. Let v(k) = b*y(k) + 2*j(k). Give v(4).
3
Let g(o) be the third derivative of o**9/60480 - o**8/3360 - o**7/2520 + o**6/80 - o**5/30 + 6*o**2. Let z(c) be the third derivative of g(c). What is z(6)?
-3
Let q be (6 + 6/(-2))*-1. Let i be (2/q)/(10/(-135)). Suppose -5*c - i - 7 = d, 8 = -d - c. Let u(p) = p**3 + 6*p**2 + p + 8. Determine u(d).
2
Let s(n) = n**2 - 3*n - 3. Let v(b) = -4*b**2 + 9*b - 1. Let z(h) = 4*h**2 - 8*h + 1. Let g(k) = 6*v(k) + 7*z(k). Let w be g(1). Give s(w).
-3
Let t(k) = -2*k**3 + 2*k**2 + 3*k - 3. Let s be 2*((-12)/(-4) + -2). Calculate t(s).
-5
Let x(p) = -70*p**2 - 10*p + 16. Let w(s) = -14*s**2 - 2*s + 3. Let n(b) = 11*w(b) - 2*x(b). What is n(1)?
-15
Let m = 8 + -5. Suppose m - 31 = 3*y + 5*i, -5*y - 30 = 5*i. Let l(o) = 8*o**3 - o**2 - 2*o - 1. Calculate l(y).
-8
Let d(w) be the second derivative of w**4/12 - w**3/6 + 3*w**2/2 - 2*w. Suppose 2*r = 3*r - 3. Calculate d(r).
9
Let u(a) be the second derivative of -1/2*a**3 + 5/12*a**4 + 0 - 5/2*a**2 + a - 1/20*a**5. Let w(s) = -s**2 - 7*s - 2. Let h be w(-6). What is u(h)?
-1
Let v(l) = -l**2 - l - 1. Let u(f) be the third derivative of f**5/30 + f**3/6 + 3*f**2. Let t(p) = -3*u(p) - 2*v(p). Let o be (-6)/9 + 5/3. Calculate t(o).
-3
Let y(r) be the second derivative of r**3/6 - 2*r**2 - 2*r - 2. What is y(-3)?
-7
Let k(c) be the first derivative of -c**3/3 + 2*c**2 - 5*c + 2. Let x(n) = -2*n**2 - 12*n + 58. Let h be x(-9). Give k(h).
-5
Let r = 7 + -6. Let n(p) = 17*p**2 + 1. Calculate n(r).
18
Let j(o) = o - 3. Suppose -4*d = -5*q + 8, -d = -5*q - 2*d - 2. Determine j(q).
-3
Let k = -25 - -16. Let o be (-2)/((k/6)/3). Let t(a) = 5*a**2 - 4*a - a**3 - 3 + 5 + 2. Determine t(o).
4
Let b be ((5 - 0) + 0)/1. Let p(n) = n**2 - 6*n + 3. Calculate p(b).
-2
Let j(a) = -112 + 62 + 0*a - 2*a + 53. Calculate j(5).
-7
Let d(r) = -3*r + 7. Let c(g) = -4*g + 7. Let a(z) = 4*c(z) - 5*d(z). Calculate a(-4).
-3
Let o(d) = 7*d**2 - 10*d - 3. Let u(v) = -4*v**2 + 5*v + 1. Let t(w) = -3*o(w) - 5*u(w). Calculate t(5).
4
Let m(k) be the first derivative of k**4/12 - k**3/6 - k**2 - 4*k + 6. Let d(n) be the first derivative of m(n). Give d(0).
-2
Let v(f) be the first derivative of f**3/3 + 5*f**2/2 - 3*f + 2. Let p be v(-6). Let u(j) = -j**2 + j**3 + 0 - p*j + 2*j - 1. What is u(-1)?
-2
Let x(r) = r**3 + 6*r**2 - 2*r - 9. Let q be x(-6). Let d = 9 - 7. Let u(h) = -4 + 3*h**2 - d*h**2 + 0*h**2 - 2*h - h. Determine u(q).
-4
Let r(x) = -2*x**2 - 13*x + 20. Let c(h) = -3*h**2 - 20*h + 30. Let l(w) = 5*c(w) - 7*r(w). What is l(-9)?
10
Let g(v) be